{"id":38,"date":"2019-02-04T21:29:42","date_gmt":"2019-02-04T21:29:42","guid":{"rendered":"https:\/\/logopaediebirgitthuebner.wordpress.com\/?page_id=38"},"modified":"2019-02-04T21:29:42","modified_gmt":"2019-02-04T21:29:42","slug":"therapieablauf","status":"publish","type":"page","link":"https:\/\/xn--birgitthbner-logopdin-n2b55c.de\/?page_id=38","title":{"rendered":"Therapieangebote"},"content":{"rendered":"<p>In folgenden Bereichen der Sprache, des Sprechens, der Stimme biete ich Ihnen, oder Ihnen und Ihrem Kind, meine fachliche Begleitung an:<\/p>\n\n\n<div class=\"wp-block-columns is-layout-flex wp-container-core-columns-is-layout-9d6595d7 wp-block-columns-is-layout-flex\">\n<div class=\"wp-block-column is-layout-flow wp-block-column-is-layout-flow\">\n<h3 class=\"wp-block-heading\"><strong>Stimme<\/strong><\/h3>\n\n\n\n<p>Wenn die Sprech- und\/oder Singstimme beintr\u00e4chtigt ist. Wenn die Stimme heiser, br\u00fcchig, hauchig, angestrengt, kratzig klingt. Dies ist bei&nbsp; Stimmst\u00f6rungen der Fall.&nbsp; Die eingeschr\u00e4nkte Stimmfunktion kann beispielsweise durch die berufliche Situation, durch private Gegebenheiten, durch Stimmbandl\u00e4hmung u. a. ausgel\u00f6st werden. Die Grundlagen in diesem Bereich sind das funktionale Stimmtraining und die k\u00f6rperorientierte Stimmbildung nach Franziskus Rohmert, meine Erfahrungen aus Qigong-, Yoga-, und Feldenkraispraxis, wie auch der Gewaltfreien Kommunikation nach Marshall B. Rosenberg.<\/p>\n\n\n\n<h3 class=\"wp-block-heading\"><strong>Sprachentwicklung<\/strong><\/h3>\n\n\n\n<p>Sprachst\u00f6rung, die innerhalb der Sprachentwicklung auftritt. Dies kann auch bei Mehrsprachigkeit und bei allgemeinen Entwicklungsst\u00f6rungen der Fall sein. Die Eltern des Kindes werden intensiv in die Therapie miteinbezogen. Wesentlich ist es die Freude und Faszination an der Sprache zu vergr\u00f6\u00dfern und jedes Kind individuell und ganzheitlich zu begleiten.<\/p>\n\n\n\n<h3 class=\"wp-block-heading\"><strong>Auditive Wahrnehmung<\/strong><\/h3>\n\n\n\n<p>bei St\u00f6rung der Unterscheidung von Sprachlauten und\/oder St\u00f6rung der H\u00f6rverarbeitung.<\/p>\n\n\n\n<h3 class=\"wp-block-heading\"><strong>Ganzheitliches Stimmcoaching \/ Selbstentwicklung<br><\/strong><\/h3>\n\n\n\n<p>Mehr Wohlklang und Wohlgef\u00fchl mit der eigenen Stimme, mit sich erleben. Meine Grundlagen, siehe oben bei &#8222;Stimme&#8220;.<\/p>\n<\/div>\n\n\n\n<div class=\"wp-block-column is-layout-flow wp-block-column-is-layout-flow\">\n<h3 class=\"wp-block-heading\"><strong>Stottern<\/strong><\/h3>\n\n\n\n<p>Wenn das flie\u00dfende Sprechen nicht gelingt und durch Blockaden, Dehnungen oder Silbenwiederholungen gest\u00f6rt ist. Wenn Angst vor Stottern das Sprechen beeintr\u00e4chtigt, das Verhalten beeinflusst und die Gef\u00fchle beherrscht. Der direktive Therapieansatz nach Charles van Riper ist in diesem Bereich meine Grundlage. Bei Kindern beziehe ich die Eltern therapiebegleitend intensiv ein. Bei Jugendlichen und Erwachsenen sind In-Vivo-Aktivit\u00e4ten ein wichtiger Bestandteil der Therapie. Aktivit\u00e4ten aus dem Bereich Stimme sind Teil der Therapie bei Stottern.<\/p>\n\n\n\n<h3 class=\"wp-block-heading\"><strong>Sprechen<\/strong><\/h3>\n\n\n\n<p>Bei Artikulationsst\u00f6rungen und Poltern ist das Sprechen beeintr\u00e4chtigt. Dies kann innerhalb der Sprachentwicklung auftreten, sich auch noch im Erwachsenenalter \u00e4ussern. Die Wahrnehmung von mundmotorischen Abl\u00e4ufen und deren Ver\u00e4nderung sind wesentliche Bestandteile hin zu einem physiologischen Sprechen.<\/p>\n\n\n\n<h3 class=\"wp-block-heading\"><strong>Zungenruhelage und Mundmotorik<br><\/strong><\/h3>\n\n\n\n<p>St\u00f6rungen der Funktion der Mundmuskulatur und der Zungenruhelage ziehen meist kieferorthop\u00e4dische Probleme nach sich.\u00a0 Eine erfolgversprechende Ver\u00e4nderung wird durch Planung einer alltagstauglichen Umsetzung erreicht.<\/p>\n<\/div>\n<\/div>\n","protected":false},"excerpt":{"rendered":"<p>In folgenden Bereichen der Sprache, des Sprechens, der Stimme biete ich Ihnen, oder Ihnen und Ihrem Kind, meine fachliche Begleitung an: Stimme Wenn die Sprech- und\/oder Singstimme beintr\u00e4chtigt ist. Wenn die Stimme heiser, br\u00fcchig, hauchig, angestrengt, kratzig klingt. Dies ist bei&nbsp; Stimmst\u00f6rungen der Fall.&nbsp; Die eingeschr\u00e4nkte Stimmfunktion kann beispielsweise durch die berufliche Situation, durch private &hellip; <a href=\"https:\/\/xn--birgitthbner-logopdin-n2b55c.de\/?page_id=38\" class=\"more-link\"><span class=\"screen-reader-text\">Therapieangebote<\/span> weiterlesen<\/a><\/p>\n","protected":false},"author":1,"featured_media":0,"parent":0,"menu_order":0,"comment_status":"closed","ping_status":"closed","template":"","meta":{"footnotes":""},"class_list":["post-38","page","type-page","status-publish","hentry"],"yoast_head":"<!-- This site is optimized with the Yoast SEO plugin v26.4 - https:\/\/yoast.com\/wordpress\/plugins\/seo\/ -->\n<title>Therapieangebote - Birgitt H\u00fcbner Stimmst\u00f6rungen Stottern Nichtvermeidensansatz Sprachst\u00f6rungen Sprechst\u00f6rungen K\u00f6rperorientiert auditive Wahrnehmung auditive Verarbeitung Mundmotorik Zungenruhelage Artikulationsst\u00f6rung Poltern Sprechangst Heiserkeit Engegef\u00fchl im Hals angenehme Stimme haben<\/title>\n<meta name=\"robots\" content=\"index, follow, max-snippet:-1, max-image-preview:large, max-video-preview:-1\" \/>\n<link rel=\"canonical\" href=\"https:\/\/xn--birgitthbner-logopdin-n2b55c.de\/?page_id=38\" \/>\n<meta property=\"og:locale\" content=\"de_DE\" \/>\n<meta property=\"og:type\" content=\"article\" \/>\n<meta property=\"og:title\" content=\"Therapieangebote - Birgitt H\u00fcbner Stimmst\u00f6rungen Stottern Nichtvermeidensansatz Sprachst\u00f6rungen Sprechst\u00f6rungen K\u00f6rperorientiert auditive Wahrnehmung auditive Verarbeitung Mundmotorik Zungenruhelage Artikulationsst\u00f6rung Poltern Sprechangst Heiserkeit Engegef\u00fchl im Hals angenehme Stimme haben\" \/>\n<meta property=\"og:description\" content=\"In folgenden Bereichen der Sprache, des Sprechens, der Stimme biete ich Ihnen, oder Ihnen und Ihrem Kind, meine fachliche Begleitung an: Stimme Wenn die Sprech- und\/oder Singstimme beintr\u00e4chtigt ist. Wenn die Stimme heiser, br\u00fcchig, hauchig, angestrengt, kratzig klingt. Dies ist bei&nbsp; Stimmst\u00f6rungen der Fall.&nbsp; Die eingeschr\u00e4nkte Stimmfunktion kann beispielsweise durch die berufliche Situation, durch private &hellip; Therapieangebote weiterlesen\" \/>\n<meta property=\"og:url\" content=\"https:\/\/xn--birgitthbner-logopdin-n2b55c.de\/?page_id=38\" \/>\n<meta property=\"og:site_name\" content=\"Birgitt H\u00fcbner\" \/>\n<meta name=\"twitter:card\" content=\"summary_large_image\" \/>\n<meta name=\"twitter:label1\" content=\"Gesch\u00e4tzte Lesezeit\" \/>\n\t<meta name=\"twitter:data1\" content=\"2\u00a0Minuten\" \/>\n<script type=\"application\/ld+json\" class=\"yoast-schema-graph\">{\"@context\":\"https:\/\/schema.org\",\"@graph\":[{\"@type\":\"WebPage\",\"@id\":\"https:\/\/xn--birgitthbner-logopdin-n2b55c.de\/?page_id=38\",\"url\":\"https:\/\/xn--birgitthbner-logopdin-n2b55c.de\/?page_id=38\",\"name\":\"Therapieangebote - Birgitt H\u00fcbner Stimmst\u00f6rungen Stottern Nichtvermeidensansatz Sprachst\u00f6rungen Sprechst\u00f6rungen K\u00f6rperorientiert auditive Wahrnehmung auditive Verarbeitung Mundmotorik Zungenruhelage Artikulationsst\u00f6rung Poltern Sprechangst Heiserkeit Engegef\u00fchl im Hals angenehme Stimme haben\",\"isPartOf\":{\"@id\":\"https:\/\/xn--birgitthbner-logopdin-n2b55c.de\/#website\"},\"datePublished\":\"2019-02-04T21:29:42+00:00\",\"breadcrumb\":{\"@id\":\"https:\/\/xn--birgitthbner-logopdin-n2b55c.de\/?page_id=38#breadcrumb\"},\"inLanguage\":\"de\",\"potentialAction\":[{\"@type\":\"ReadAction\",\"target\":[\"https:\/\/xn--birgitthbner-logopdin-n2b55c.de\/?page_id=38\"]}]},{\"@type\":\"BreadcrumbList\",\"@id\":\"https:\/\/xn--birgitthbner-logopdin-n2b55c.de\/?page_id=38#breadcrumb\",\"itemListElement\":[{\"@type\":\"ListItem\",\"position\":1,\"name\":\"Home\",\"item\":\"https:\/\/xn--birgitthbner-logopdin-n2b55c.de\/\"},{\"@type\":\"ListItem\",\"position\":2,\"name\":\"Therapieangebote\"}]},{\"@type\":\"WebSite\",\"@id\":\"https:\/\/xn--birgitthbner-logopdin-n2b55c.de\/#website\",\"url\":\"https:\/\/xn--birgitthbner-logopdin-n2b55c.de\/\",\"name\":\"Birgitt H\u00fcbner\",\"description\":\"Logop\u00e4die Praxis\",\"publisher\":{\"@id\":\"https:\/\/xn--birgitthbner-logopdin-n2b55c.de\/#organization\"},\"potentialAction\":[{\"@type\":\"SearchAction\",\"target\":{\"@type\":\"EntryPoint\",\"urlTemplate\":\"https:\/\/xn--birgitthbner-logopdin-n2b55c.de\/?s={search_term_string}\"},\"query-input\":{\"@type\":\"PropertyValueSpecification\",\"valueRequired\":true,\"valueName\":\"search_term_string\"}}],\"inLanguage\":\"de\"},{\"@type\":\"Organization\",\"@id\":\"https:\/\/xn--birgitthbner-logopdin-n2b55c.de\/#organization\",\"name\":\"Birgitt H\u00fcbner\",\"url\":\"https:\/\/xn--birgitthbner-logopdin-n2b55c.de\/\",\"logo\":{\"@type\":\"ImageObject\",\"inLanguage\":\"de\",\"@id\":\"https:\/\/xn--birgitthbner-logopdin-n2b55c.de\/#\/schema\/logo\/image\/\",\"url\":\"https:\/\/xn--birgitthbner-logopdin-n2b55c.de\/wp-content\/uploads\/2019\/07\/cropped-cropped-2019-6-LPBH-Signet-9.png\",\"contentUrl\":\"https:\/\/xn--birgitthbner-logopdin-n2b55c.de\/wp-content\/uploads\/2019\/07\/cropped-cropped-2019-6-LPBH-Signet-9.png\",\"width\":390,\"height\":300,\"caption\":\"Birgitt H\u00fcbner\"},\"image\":{\"@id\":\"https:\/\/xn--birgitthbner-logopdin-n2b55c.de\/#\/schema\/logo\/image\/\"}}]}<\/script>\n<!-- \/ Yoast SEO plugin. -->","yoast_head_json":{"title":"Therapieangebote - Birgitt H\u00fcbner Stimmst\u00f6rungen Stottern Nichtvermeidensansatz Sprachst\u00f6rungen Sprechst\u00f6rungen K\u00f6rperorientiert auditive Wahrnehmung auditive Verarbeitung Mundmotorik Zungenruhelage Artikulationsst\u00f6rung Poltern Sprechangst Heiserkeit Engegef\u00fchl im Hals angenehme Stimme haben","robots":{"index":"index","follow":"follow","max-snippet":"max-snippet:-1","max-image-preview":"max-image-preview:large","max-video-preview":"max-video-preview:-1"},"canonical":"https:\/\/xn--birgitthbner-logopdin-n2b55c.de\/?page_id=38","og_locale":"de_DE","og_type":"article","og_title":"Therapieangebote - Birgitt H\u00fcbner Stimmst\u00f6rungen Stottern Nichtvermeidensansatz Sprachst\u00f6rungen Sprechst\u00f6rungen K\u00f6rperorientiert auditive Wahrnehmung auditive Verarbeitung Mundmotorik Zungenruhelage Artikulationsst\u00f6rung Poltern Sprechangst Heiserkeit Engegef\u00fchl im Hals angenehme Stimme haben","og_description":"In folgenden Bereichen der Sprache, des Sprechens, der Stimme biete ich Ihnen, oder Ihnen und Ihrem Kind, meine fachliche Begleitung an: Stimme Wenn die Sprech- und\/oder Singstimme beintr\u00e4chtigt ist. Wenn die Stimme heiser, br\u00fcchig, hauchig, angestrengt, kratzig klingt. Dies ist bei&nbsp; Stimmst\u00f6rungen der Fall.&nbsp; Die eingeschr\u00e4nkte Stimmfunktion kann beispielsweise durch die berufliche Situation, durch private &hellip; Therapieangebote weiterlesen","og_url":"https:\/\/xn--birgitthbner-logopdin-n2b55c.de\/?page_id=38","og_site_name":"Birgitt H\u00fcbner","twitter_card":"summary_large_image","twitter_misc":{"Gesch\u00e4tzte Lesezeit":"2\u00a0Minuten"},"schema":{"@context":"https:\/\/schema.org","@graph":[{"@type":"WebPage","@id":"https:\/\/xn--birgitthbner-logopdin-n2b55c.de\/?page_id=38","url":"https:\/\/xn--birgitthbner-logopdin-n2b55c.de\/?page_id=38","name":"Therapieangebote - Birgitt H\u00fcbner Stimmst\u00f6rungen Stottern Nichtvermeidensansatz Sprachst\u00f6rungen Sprechst\u00f6rungen K\u00f6rperorientiert auditive Wahrnehmung auditive Verarbeitung Mundmotorik Zungenruhelage Artikulationsst\u00f6rung Poltern Sprechangst Heiserkeit Engegef\u00fchl im Hals angenehme Stimme haben","isPartOf":{"@id":"https:\/\/xn--birgitthbner-logopdin-n2b55c.de\/#website"},"datePublished":"2019-02-04T21:29:42+00:00","breadcrumb":{"@id":"https:\/\/xn--birgitthbner-logopdin-n2b55c.de\/?page_id=38#breadcrumb"},"inLanguage":"de","potentialAction":[{"@type":"ReadAction","target":["https:\/\/xn--birgitthbner-logopdin-n2b55c.de\/?page_id=38"]}]},{"@type":"BreadcrumbList","@id":"https:\/\/xn--birgitthbner-logopdin-n2b55c.de\/?page_id=38#breadcrumb","itemListElement":[{"@type":"ListItem","position":1,"name":"Home","item":"https:\/\/xn--birgitthbner-logopdin-n2b55c.de\/"},{"@type":"ListItem","position":2,"name":"Therapieangebote"}]},{"@type":"WebSite","@id":"https:\/\/xn--birgitthbner-logopdin-n2b55c.de\/#website","url":"https:\/\/xn--birgitthbner-logopdin-n2b55c.de\/","name":"Birgitt H\u00fcbner","description":"Logop\u00e4die Praxis","publisher":{"@id":"https:\/\/xn--birgitthbner-logopdin-n2b55c.de\/#organization"},"potentialAction":[{"@type":"SearchAction","target":{"@type":"EntryPoint","urlTemplate":"https:\/\/xn--birgitthbner-logopdin-n2b55c.de\/?s={search_term_string}"},"query-input":{"@type":"PropertyValueSpecification","valueRequired":true,"valueName":"search_term_string"}}],"inLanguage":"de"},{"@type":"Organization","@id":"https:\/\/xn--birgitthbner-logopdin-n2b55c.de\/#organization","name":"Birgitt H\u00fcbner","url":"https:\/\/xn--birgitthbner-logopdin-n2b55c.de\/","logo":{"@type":"ImageObject","inLanguage":"de","@id":"https:\/\/xn--birgitthbner-logopdin-n2b55c.de\/#\/schema\/logo\/image\/","url":"https:\/\/xn--birgitthbner-logopdin-n2b55c.de\/wp-content\/uploads\/2019\/07\/cropped-cropped-2019-6-LPBH-Signet-9.png","contentUrl":"https:\/\/xn--birgitthbner-logopdin-n2b55c.de\/wp-content\/uploads\/2019\/07\/cropped-cropped-2019-6-LPBH-Signet-9.png","width":390,"height":300,"caption":"Birgitt H\u00fcbner"},"image":{"@id":"https:\/\/xn--birgitthbner-logopdin-n2b55c.de\/#\/schema\/logo\/image\/"}}]}},"_links":{"self":[{"href":"https:\/\/xn--birgitthbner-logopdin-n2b55c.de\/index.php?rest_route=\/wp\/v2\/pages\/38","targetHints":{"allow":["GET"]}}],"collection":[{"href":"https:\/\/xn--birgitthbner-logopdin-n2b55c.de\/index.php?rest_route=\/wp\/v2\/pages"}],"about":[{"href":"https:\/\/xn--birgitthbner-logopdin-n2b55c.de\/index.php?rest_route=\/wp\/v2\/types\/page"}],"author":[{"embeddable":true,"href":"https:\/\/xn--birgitthbner-logopdin-n2b55c.de\/index.php?rest_route=\/wp\/v2\/users\/1"}],"replies":[{"embeddable":true,"href":"https:\/\/xn--birgitthbner-logopdin-n2b55c.de\/index.php?rest_route=%2Fwp%2Fv2%2Fcomments&post=38"}],"version-history":[{"count":0,"href":"https:\/\/xn--birgitthbner-logopdin-n2b55c.de\/index.php?rest_route=\/wp\/v2\/pages\/38\/revisions"}],"wp:attachment":[{"href":"https:\/\/xn--birgitthbner-logopdin-n2b55c.de\/index.php?rest_route=%2Fwp%2Fv2%2Fmedia&parent=38"}],"curies":[{"name":"wp","href":"https:\/\/api.w.org\/{rel}","templated":true}]}}